= -4*s, -3*j - 2*s = -s - 22. Let a(i) be the third derivative of 7*i**4/24 + i**3 - 19*i**2. Is a(j) a prime number?
False
Let a(x) = x**2 + 3*x - 5. Let c be a(-5). Suppose 998 = -3*l + c*l. Is l composite?
False
Let n(l) = 28*l**3 - 10*l**2 - 2*l + 16. Let u be n(7). Suppose -i + u = 4*i + 3*r, 3 = -r. Suppose 4*f + 261 - i = 0. Is f a prime number?
False
Let r = -32 - -34. Suppose -2*g + r*q + 0*q + 400 = 0, g = -2*q + 209. Is g prime?
False
Suppose -27656 = 52*g - 60*g. Is g prime?
True
Let k(c) = 1846*c + 83. Is k(11) prime?
True
Is -2 + 778*1/6*15 a prime number?
False
Let l(a) = 47*a**2 + 9 - a + 0 - 3*a. Is l(4) prime?
False
Let w be (-86333)/(-26) + (-2)/4. Suppose c - w = -4*u, 0*u = 4*u + 2*c - 3324. Is u prime?
True
Suppose -1322 = -7*b + 1065. Let p(v) = v + 5. Let s be p(-5). Suppose s = w - 202 - b. Is w a prime number?
False
Let h(i) = 5*i**2 + 2*i - 6. Is h(9) a prime number?
False
Let y(h) = 13*h + 47 + 5*h**2 - h**2 + 5*h - 14. Suppose 16*m - 31*m - 150 = 0. Is y(m) prime?
False
Let u(q) = 15*q**3 + q**2 + 2*q - 1. Suppose -3*l - 6 = -6*l. Is u(l) prime?
True
Let s = 14 + -27. Let b = 516 + s. Is b composite?
False
Let h(d) be the second derivative of 0 - 319/6*d**3 + 10*d + 0*d**2. Is h(-1) a composite number?
True
Is (-9695)/(-7) + (0 - 4) prime?
True
Suppose 6*y - 3*y - 5*n = 11221, -18713 = -5*y - 3*n. Is y a composite number?
True
Let i = -2046 + 3869. Is i a composite number?
False
Suppose 0 = 4*n - 4 - 12. Let o be 4/(2 + (-6)/n). Is 290*(0 + 4/o) a prime number?
False
Let v(u) = -u**3 + u**2 + 10*u + 1385. Is v(0) a prime number?
False
Let p be -3 - 3/3 - -17. Let b = p - 9. Suppose 34 = 2*y - 4*q, -q + b = q. Is y composite?
True
Let o = -1538 + 2645. Suppose 4*f = o + 449. Is f a prime number?
True
Let w be 12*(0 - 3/(-9)). Suppose v - 120 = w. Suppose -p - 3*p = -v. Is p a prime number?
True
Let h be (-32)/12*(-27)/(-4). Let l = 10 + h. Let i = 17 - l. Is i composite?
True
Suppose 130 + 382 = 3*t + 2*a, -5*a + 860 = 5*t. Suppose 2*x - 130 = t. Is x a composite number?
False
Let t = -675 - -1258. Is t prime?
False
Suppose -2*q - p = -3*q + 2, p + 2 = -4*q. Suppose 12 = -3*l - q. Is (-3 + (-206)/l)*14 composite?
True
Let u(m) = -4*m + 12. Let i be u(4). Let l(y) = -12*y**3 - 3*y**2 - 5*y - 1. Is l(i) a prime number?
True
Suppose w + 30 = 251. Let x = w - 98. Is x composite?
True
Let i = -431 + 1410. Is i prime?
False
Suppose 2*k - x + 3 = 0, 2*k + 2*x - 4*x = -2. Let t(o) = -o**3 + o - 2. Let p be t(k). Suppose 5*z + s = 264, 5*s - 209 = -p*z + 2*s. Is z a prime number?
True
Let p = 289 + 252. Is p composite?
False
Let u(b) = 39*b**2 - 8*b - 9. Let h(l) = -l**2 - 15*l - 30. Let g be h(-13). Is u(g) a composite number?
False
Let d = 102 - 100. Is (0/d - 2694)/(-2) prime?
False
Let g(x) = 2*x + 2. Let p be g(4). Suppose -i + p = i. Is 9*26 - (i - 4) prime?
True
Is 2520 + ((3 + -27)/6 - -5) composite?
False
Let d(h) = 2*h**3 + 3*h**2 - 2*h - 8. Let p be d(7). Suppose 2*j - p = -5*b + 438, -5*j + 10 = 0. Is b a composite number?
True
Suppose 7*l = -219 + 8318. Is l a prime number?
False
Suppose 2*r + 3*r + 9367 = 2*l, 2*l - 2*r = 9376. Suppose 4*i + 3*a = l, a + 4 = 1. Suppose -5*n = -0*n - i. Is n a composite number?
True
Is 4*1683 + 0 - (4 - 9) a composite number?
False
Suppose 20*s = 17*s + 12. Suppose b + 66 = s*b. Is b a prime number?
False
Let d(u) = 13*u - 16. Let i be d(9). Suppose 2*l - i = 573. Is l composite?
False
Let o be (-1 + (-369)/(-6))/((-3)/12). Let z = o + 436. Is z prime?
False
Let v(r) = -r**2 + r + 1. Suppose 0 = -t + 3*y + 10, -4*y - 20 = -t - 8. Let k(m) = -3*m**2 + 6*m - 49. Let w(d) = t*v(d) - k(d). Is w(0) a prime number?
True
Suppose 2 = -2*f + 2*d + 8, 4*f = d. Let i(o) = 24*o**2 + o + 1. Let v be i(f). Suppose -884 = -v*a + 20*a. Is a a prime number?
False
Let h be (-4)/(-12)*(117 + -3). Let m = h + 333. Is m a composite number?
True
Is (-252053)/(-5) - 10/(-25) a prime number?
True
Suppose -2648 = -m - 2*s + 1061, -3*m = 5*s - 11127. Is m prime?
True
Suppose 16*n = 12*n - 592. Let u = 795 + n. Is u prime?
True
Let v = -16844 - -29283. Is v a prime number?
False
Let r = -18 - -27. Let j(d) = 15*d**2 + 6*d + 11. Let f be j(r). Suppose 4*o - f = -436. Is o prime?
True
Suppose 0 = -4*b - 58 - 46. Let d = b - -15. Let u = d + 66. Is u a prime number?
False
Let v = 1309 + -907. Suppose -m + 3*m = v. Suppose m = s + 5*f, 3*f + 2*f = -10. Is s prime?
True
Suppose -5*v - 1482 = -5*f + 108, -3*f = -5*v - 1582. Is 3 + (1 + 3 - v) a prime number?
False
Is 2115633/91 - 6/(-21) a prime number?
False
Let z(x) = 5*x**2 + 9*x + 23. Let s(j) = 3*j**2 + 6*j + 15. Let t(d) = -7*s(d) + 5*z(d). Is t(-9) a composite number?
False
Let a be 9/6*42553 + (-9)/(-6). Suppose 0 = -13*n + a - 11974. Is n prime?
True
Suppose 6*c - 2*c - 3*w = 3379, 2*c + w - 1687 = 0. Suppose -3352 = -4*v - 0*v. Suppose 5*u - c = -2*a, 0 = 2*a + 4*u - 2*u - v. Is a prime?
False
Suppose 7*d - 6*d = 4. Suppose -1126 = -d*y + 790. Suppose -2*u = -2*l - 322, 3*u = 3*l - l + y. Is u prime?
True
Is (-821)/1*(0 + 1 - 2) a composite number?
False
Let i be (0 - (-564)/(-18)) + (-4)/6. Is 24/64 - 34196/i a prime number?
True
Suppose -2*b - 75380 = -7*b - 5*s, -2*s + 75371 = 5*b. Is b a composite number?
False
Suppose 3*g - 6*v + v - 491 = 0, -v = 4*g - 647. Suppose -146 = -4*x + g. Is x a prime number?
False
Let f = -2722 - -10449. Is f a prime number?
True
Let p be (-2)/14 - 135/(-63). Suppose -2*g - p*i = -16, -2*i = 2*g - i - 13. Let w = 81 + g. Is w composite?
True
Let h = 489 + -347. Suppose 0*a + a - 75 = 0. Let t = h - a. Is t composite?
False
Let i = 33019 - 18096. Is i a prime number?
True
Let v = 15304 - 7503. Is v composite?
True
Let w(v) = 49*v + 6. Let i be (620/24)/5 + (-1)/6. Is w(i) composite?
False
Suppose 10 = -4*n + 6. Let v be (24/60)/(n/(-10)). Suppose v*j = 220 + 1128. Is j prime?
True
Suppose -85*g + 89*g - 30010 = -2*o, -o = -5*g - 15033. Is o a prime number?
True
Let a = 215 - 55. Let t be 1 + -1 + 2 - 1. Is 1*t*a - -1 prime?
False
Suppose 3*p + 2*t + 2629 = 0, -5*t + 4365 = -0*p - 5*p. Let a = 1678 + p. Is a composite?
True
Let o(m) = 5*m**3 + 3. Let q be o(-3). Let i = q + 191. Is i composite?
False
Let z = -21 + 25. Let f(k) = 3*k**2 + 13*k - 10. Let p(q) = 4*q**2 + 14*q - 11. Let n(g) = z*p(g) - 5*f(g). Is n(-11) a prime number?
False
Let q(p) = -1. Let k(t) = -t + 1. Let l(n) = -2*k(n) + 2*q(n). Let o be l(8). Is (-12)/(o/(-3)) - -320 composite?
True
Is (-37)/((-185)/8730) + 1*-7 prime?
False
Let r(x) = 12*x - 1. Let d be r(1). Let g(s) = 2*s**2 + 10*s - 3. Let j(t) = t**2 + 10*t - 2. Let b(z) = 3*g(z) - 4*j(z). Is b(d) a composite number?
False
Let j = 31225 + 51042. Is j composite?
False
Suppose 1 = c - 2, -2*k = 2*c - 124184. Is k a composite number?
True
Suppose 0 = 4*z - 0*z - 16. Suppose 1074 = -5*w + z*w. Let q = 1823 + w. Is q a composite number?
True
Suppose -2*i - 3*v - 6 = 0, 1 = 3*i - 3*v - 5. Suppose i = -9*z + 278 + 181. Is z composite?
True
Let o = 18 - 14. Suppose -11*g - 10 = -13*g. Suppose -5*q - g*h + 0*h + 330 = 0, o*h + 71 = q. Is q a prime number?
True
Is ((-328738)/(-152) - (-1)/4) + 4 prime?
False
Let m be -1 + -4*4/(-4). Let k be (3 - 2)/(1/m). Suppose k*n - 14 = 31. Is n a prime number?
False
Suppose 0 = -18*u + 11*u + 13811. Is u prime?
True
Let h(a) = 11 - 27 + 13 + 22*a**2 - 2*a. Suppose -p - 2*p = -12. Is h(p) a prime number?
False
Suppose 4*o + 3*a - 1228 = a, a = 4. Is o a prime number?
False
Let b = -9 - -13. Suppose -4*m + 3*m - 7 = -b*v, 0 = 5*v - 3*m - 7. Is -125*(v + -3) + -3 composite?
True
Let k(r) = -7*r - 3. Let m be k(-1). Suppose -v - p - 4 = 0, -m*v - 5*p - 11 = -2*p. Is v + 6/3 - -7 a prime number?
False
Let q be -1 + -2 - (-5)/1. Let l be (q - 1)*(-2 - -1569). Suppose -5*k + l = -1608. Is k composite?
True
Suppose -5*w - 1320 - 496 = g, -4*w - 1440 = 4*g. Let o = 61 + w. Let q = -125 - o. Is q prime?
False
Suppose -2*k - 2 + 10 = 5*q, 3*k + 13 = 5*q. Suppose -5*g + 2355 = q*l - 4996, 3*g + 3*l - 4407 = 0. Let x = g + -416. Is x a composite number?
True
Let n = -16070 - -22891. Is n a prime number?
False
Suppose -5*m + x + 47670 = 0, -3*m - 3*x + 20056 = -8528. Is m prime?
True
Let n(w) = w**3 + 6*w**2 + 5*w - 8. Let u be n(-4). Suppose 0 = -0*z + u*z - 4436. Is z pr